87 - 6)) - 5)?
79
Calculate (17 + -4 - 42 - -3) + 64.
38
109 - (14 + -18 + 7)
106
What is (17 - 0 - (6 + 0)) + (13 + -18 - -1)?
7
Calculate 55 - (-30 + (-41 - -156)).
-30
-7 + (81 - (-25 + 13)) + -16 + -7
63
What is (0 - -7) + 14 - (108 + -13)?
-74
What is the value of -74 + 19 + (31 - -28)?
4
Evaluate 12 - (-6 + -13 + 37) - (-23 + 40).
-23
What is the value of 8 + -2 - (11 + 0 - (-9 + (46 - 28)))?
4
What is the value of -158 - (-162 - (33 + -141))?
-104
What is the value of -39 - (-19 - (-44 - -61) - 138)?
135
(53 - 7) + (-68 - 5)
-27
Calculate 54 - 48 - (-1 - -10 - 1) - (34 - 23).
-13
What is the value of -173 + 235 - (14 + -17 - -4 - (-5 + 1))?
57
Calculate -122 - -38 - (3 + (-5 - 3)).
-79
What is the value of -746 + 774 + (0 - 69)?
-41
Evaluate -185 + (147 - 48) + 29.
-57
81 + (48 - 184 - 11)
-66
What is the value of -1 - (9 - ((10 - -19) + -22))?
-3
What is the value of -4 - -5 - ((412 - 409) + (0 - -8))?
-10
Evaluate (3 - (-23 - -27)) + 29 - 13.
15
What is (1 - 13) + (-1 - -9) + 798 + -759?
35
Evaluate (-1 - 41 - (135 + -157)) + 26.
6
What is the value of -1 + -24 + (-2 - (-1 - -1)) - (2481 + -2487)?
-21
Calculate 20 + -87 + 65 + -30 + (-1 - -1).
-32
Calculate (41 - (47 + -8)) + (-70 - 6).
-74
Calculate (-49 - (9 + -47)) + (3 - 0) + 35.
27
Evaluate 8 + (-20 - 21) + (9 + -5 - 0) + -14.
-43
What is -31 + -16 + 85 - -92?
130
Calculate -2 + -15 - (-27 + 7 + -25).
28
(1424 - 1416 - ((0 - 0) + 0 - -10)) + -65
-67
What is the value of -97 - (-44 - -13) - -24?
-42
(12 - 13) + (578 - 612 - (-8 - (0 - 2)))
-29
-14 - 122 - -111 - (10 - 1)
-34
What is -12 + (6 + 28 - (15 + -17))?
24
What is ((0 - 37) + 15 - -16) + 44 - 7?
31
Evaluate 2 - ((53 + -79 - -41) + -19 + -1).
7
518 - 546 - (-4 + 0 + 3 + 2)
-29
Calculate (-35 + 10 - (1 + -43)) + -1 - (-14 + 1).
29
-2 - -2 - ((16 - 36) + 44 - 23)
-1
What is 13 - 30 - (-22 - (0 - -8))?
13
Evaluate -27 + (-4 + -3 - (4 + -12)) + 12.
-14
What is the value of 18 - (-36 + -14 + 23 + 2)?
43
Calculate 23 + -2 + (-20 - -1 - (-124 + 112)).
14
Evaluate -16 + (-16 - -12) + 8 + 12 - -66.
66
Calculate (5 - ((18 + 7 + -16 - 0) + 3)) + 51.
44
What is (-61 - -6) + 51 - (-2 + 5) - 33?
-40
What is 102 + -21 + -45 + -28?
8
47 - ((73 - 56) + 28)
2
What is 94 + (-5 - -2) + 27 + (12 - (52 - 10))?
88
(56 - 3) + (-459 - -441)
35
What is the value of -16 + -11 + 31 - (6 + (-7 - 22))?
27
-20 + (12 + (14 - -27) - 0)
33
-8 - 0 - (-14 + 0 - (-1602 + 1571)) - -8
-17
Calculate 26 - 18 - 15 - 19 - -7.
-19
36 + 39 + (15 - 27)
63
9 + (-11 - -13 - 11) + (20 + -31 - -152)
141
Calculate -63 + (-6 + 4 - (5 - 7) - (-66 - -65)).
-62
Calculate (71 - -20) + (12 - -12) - 32.
83
What is (-23 - (-1 + 7 - 20)) + (1 - 7 - 6)?
-21
Calculate -31 - (-6 - 32 - (117 + -190)).
-66
What is (-34 - (-10 - (-15 - 6))) + (-1 - 2 - -2)?
-46
121 - 41 - (33 + 30)
17
Calculate 20 - (-14 + 43 - -23).
-32
What is the value of 3 + -2 + (12 - 29) + -13 + 28?
-1
Calculate (-27 + 23 - 19) + 52.
29
Evaluate (-8 - -44) + (-54 - (47 - 31)).
-34
Evaluate -8 + (0 - (-10 - (9 + -1 - 1))).
9
What is 0 - (18 - -1 - 2) - (29790 - 29892)?
85
-4 + 5 + -65 + 8 + (4 - 33)
-85
(93 + 14 + -69 - 47) + (2 - 0 - 8)
-15
What is the value of 64 - (-3 + (15 - 16) + (36 - 39))?
71
What is -2 + 63 + -74 + 49 + 35?
71
9 - (7 - 6 - -50)
-42
What is 42 - (-6 + -64 + 11 + 24)?
77
Evaluate (-66 - (65 + -142)) + -42 + -2.
-33
Calculate -109 - -160 - (-4 + 90).
-35
20 + (-42 - -22) + (3 - -35)
38
-325 + 282 - (-172 + 29)
100
Calculate 22 - (-16 + (16 - 33 - -26)).
29
What is -47 - -2 - -95 - 26?
24
What is the value of 38 - (-42 + 42 + -18 - -63)?
-7
What is -88 - (-1 + 3 + (51 + -2 - 28 - 32))?
-79
What is the value of -3 + -90 + (3 - 4) + 118 + -228 + 106?
-98
What is the value of -2 + (-18 - -8) + (17 - -14)?
19
Evaluate -11 - (-87 + 93) - (0 + 58).
-75
Evaluate 111 + -10 - (-3 + 5 + 8) - (0 - 0).
91
(-42 - -62) + -64 - -92
48
Calculate 66 + -31 + -99 - -105.
41
-31 + -27 - -11 - 2
-49
What is the value of 44 + (-10 + (-7 - 5) - -16)?
38
Calculate (10 - -23 - (-3 + 22)) + 9.
23
Evaluate -81 + 122 + -4 + 41.
78
What is (-8 + 42 - 6) + -3 + -38?
-13
Evaluate -193 - -230 - 26 - (37 - -2).
-28
50 + (-130 - -29) - -48
-3
-34 - -43 - (13 - 69 - -13)
52
What is the value of (107 + -103 - -38) + 19?
61
(116 - (-237 - -375)) + (47 - 0)
25
Calculate -17 - (-34 - (-18 + 17 + -15)) - 51.
-50
What is the value of -13 - (-2 + (-1 - 14) + (-139 - -153))?
-10
What is the value of (1109 - 1080) + -23 + 3?
9
Evaluate (4 + 18 - (-11 + -10)) + (-1 - -13) + 11.
66
Calculate 1 + 1 + (39 - (-44 + 42)) + 1.
44
What is -11 + (89 - 94) + (2 - -48)?
34
Evaluate -28 - (76 - (-57 + 105)).
-56
-3 - (17 - (-19 + -9))
-48
Calculate (3 - -7) + ((22 - 41) + 204 - 39).
156
40 - (-46 + 68 - -101)
-83
-273 - -433 - 192 - ((1 - 22) + 1)
-12
Evaluate 20 - (38 - -12 - 76).
46
What is 25 + (-33 - -20) + -10 + (-39 - -1)?
-36
What is -50 + -45 + 47 + -11?
-59
-8 - (-8 - ((-22 - -4 - (-7 + -1)) + 20))
10
Evaluate -17 + (-82 - (-62 + -8)).
-29
Calculate (27 + -45 - 16) + 13 + (120 - 0).
99
Calculate -2 + 7 + -8 + -12 - (15 - 55).
25
What is the value of -71 - (6 + (3 - 28) - -4) - (3 + -16)?
-43
Evaluate -10 + -12 + 32 + -4 + 50.
56
What is (74 + -21 + -60 - (0 + -13)) + 7?
13
Evaluate 0 + 44 + 19 + -6 - (22 + -10).
45
Calculate (-1 - 42) + (20 - 18) - (-3 - -13).
-51
Calculate 61 + (-45 + 25 + 2 - -34).
77
Calculate -13 + (-17 + (53 - 13) - (-4 - -1)).
13
Evaluate 30 - (35 - (28 + -59)).
-36
What is the value of -53 + (28 - ((-56 - -30) + 25))?
-24
Evaluate -63 - (-6 - -7) - 1.
-65
(-2 - (7 - (-4 + 6))) + (111 - 2) + 4
106
-175 + (-56 - -114) + (-12 + 9 - (-13 - 2))
-105
Evaluate 11 + (496 + -489 - (12 + -1)).
7
What is (-24 + 38 - 28 - -56) + (1 - -10)?
53
What is the value of (-37 - -38 - (38 + -35 + (2 - -43))) + -1?
-48
(-1748 - -1758) + (2 - -18) + -1 + 8
37
What is -9 + 6 - -5 - (-4 - (20 - 31))?
-5
What is the value of (0 - 59) + (14 + (-14 - 6) - (-16 + 2))?
-51
Evaluate 1106 + -1115 - (0 - -6) - (-1 + -3 + -120).
109
What is 59 + -20 + 5 - (52 - 28)?
20
Evaluate 85 - (-31 + 3 + 70 - 19).
62
Calculate 144 + -79 + -102 + (-5 - -2).
-40
What is 2 - 6 - (-1 + -3) - 8 - (-367 + 440)?
-81
Calculate 6 + 11 + -21 - ((-48 - (-2 - 2)) + 4).
36
Evaluate (0 - (-28 + 19) - (14 + 3 + 0)) + -41.
-49
What is (44 - 5) + (-10 + 11 - -1)?
41
What is the value of 76 + (13 - 7 - (-17 - -16)) + -14?
69
What is 2 - ((2 - -90) + -5 - -1)?
-86
What is 7 - ((4 - -18) + -26 + 25) - (-45 - -5)?
26
What is 148 + -47 + (-5 - 127)?
-31
What is -7 - 0 - (-147 + 124 + -43)?
59
What is the value of -42 - (-29 - (3 + (11 - 44)))?
-43
What is the value of 4 - 20 - -5 - (57 + 60 + -94)?
-34
Evaluate 1 - (-13 + 6 + 4 + -6 + -4).
14
Evaluate 778 + -748 - (6 + 4 - 3).
23
What is the value of -31 + (-50 - -57) + -46?
-70
What is the value of 156 + (-16 + 19 + 11 - 21) + -15?
134
-43 + 38 + -17 + -5 + -25
-52
Calculate -21 - (1 + -9 - 0 - (-251 + 179)).
-85
Calculate (-11 - -2) + -5 + 0 + 4 + 12 + 53.
55
What is (1 + -11 - 46) + -24 + (-17 - -59)?
-38
Evaluate 36 - (-2 - (-158 + 17)).
-103
4 + -2 - (12 + -15 + (5 - -6))
-6
Calculate -26 - (55 - (-25 - -115)).
9
What is 1 - (-9 - ((-1 - -7) + -19) - -1) - 47?
-51
Evaluate ((10 - -6) + -13 - 8) + 12 - (56 + -8).
-41
Evaluate -7 - -21 - ((-1 + 13 - -95) + (1 - -2)).
-96
Calculate (21 - -32) + (-30 - (-15 - -6)).
32
-3 + (17 - ((85 - 78) + -4 + 1))
10
What is (13 - -17 - -1) + -49?
-18
What is the value of -24 + -53 + 60 - (7 - -10)?
-34
10 + -13 + 21 + (44 - 21) + -118
-77
Evaluate -39 + 2 + 67 - (-10 - (0 + 0)).
40
Evaluate 39 - (-1 + -25 + (-53 - -41 - -21)).
56
Evaluate 29 + -30 + -5 + 12 + -7 + -1 + 2.
0
What is the value of (21 - 7 - (-2 - -2)) + 503 + -513?
4
(10 + -4 - -44) + 1 + (-6 - -5) + 2
52
(-2 - -24) + (-89 - -37) + 61
31
What is the value of -10 - ((-6 - (-21 + (-7 - -11))) + -4 - 13)?
-4
Calculate (-48 - -19 - -23) + 0.
-6
80 + -3 + -64 + 5
18
What is (157 - 37 - 40) + -7 + -1 + 6?
78
Calculate 4 + -32 + 3 + -10 + 26 + 16 + -27.
-20
Evaluate 0 + 45 + (-3 - (-8 - (-13 - -2)) - -11).
50
Calculate -118 + 92 + (57 - (0 + 1)).
30
What is -40 + -2 - -5 - ((-11 - 14) + 13)?
-25
Evaluate 417 + -411 + -35 + (1 - 3).
-31
Evaluate -41 + 23 + 12 + (-24 - 3).
-33
Evaluate (-163 + 161 - (2 + 1 - 10)) + -3 + 37.
39
Calculate